site?
True
Suppose 3*t - 26 = -26. Suppose 10 = -3*b + 2*g, t = -5*b - 0*g - 4*g + 20. Suppose b*s - 1831 = -s. Is s a prime number?
True
Suppose -10*f - 208 = -14*f. Let d be (-46)/(-207) + f/9. Suppose d*a = 2218 - 448. Is a a prime number?
False
Let j be (-91)/(-21) - ((-8)/(-6) + -2). Suppose 10*f = j*f + 775. Suppose 7*x = 2220 - f. Is x a prime number?
False
Let r(f) = 95555*f**2 + 5*f + 7. Is r(4) prime?
False
Let q be (-32)/(-72) - ((-1595180)/(-9))/(-4). Suppose -4*k + 2*a = -35440, -5*k - 3*a + q = -0*k. Is k composite?
False
Suppose 99*k + 102*k = 180*k + 37055235. Is k prime?
False
Let d(y) = 25869*y**2 + 29*y + 29. Suppose -3*n + 2*u + 3 = -2, -21 = 5*n + 4*u. Is d(n) prime?
False
Suppose 264 = -5*q - 0*q - 4*l, q + 55 = -3*l. Is 8/q - (-36378)/26 a prime number?
True
Suppose 12*s + 2*s + 2*s - 875792 = 0. Is s composite?
True
Let b = 6307 - -17844. Is b a prime number?
True
Suppose 49 + 121 = 2*j. Let o = j + 205. Let b = 627 - o. Is b prime?
True
Let q = -278 - -281. Suppose -5*k = 3*g - 20365, k - 4073 = -6*g + q*g. Is k composite?
False
Let i = -762 - -776. Suppose i*k + o - 897 = 11*k, -2*k = 4*o - 608. Is k composite?
True
Let p = 2404262 - 1593001. Is p a prime number?
False
Let j(o) = 2*o**2 + 14*o + 4. Let y(m) = 14*m + 3. Let s be y(-1). Let l be j(s). Suppose 37 = 3*u - l. Is u a composite number?
False
Let z(p) = 30*p + 2*p**2 + 41*p - 9*p + 5 - 6*p. Let h be z(11). Let x = h + -502. Is x a prime number?
False
Let z(a) = -491*a + 84*a + 40 - 2. Is z(-19) a prime number?
False
Suppose -93*q + 4858944 + 283119 = 0. Is q a prime number?
True
Is (-643930)/(-26 + 16) + -12 a composite number?
False
Suppose 3 = -r - 7*d + 3*d, -d + 23 = 5*r. Suppose -8*j + 5622 = -r*j. Is j a prime number?
False
Let z(u) = -u**2 + 7*u + 12. Let g be z(8). Suppose a + 14 = 4*n - 5*n, -50 = g*n + a. Is ((-46)/4)/(3/n) a composite number?
True
Let d be -4 - (-3 + 1) - -316. Let h be 13/(13/9) + -15 + 237. Is h/14*d/3 composite?
True
Is ((5528043/34)/9)/(1/2) composite?
False
Let v = -71 - -36. Let c be -2 - v/45 - 2/(-9). Is 1695 + 1 - (2 - c) a composite number?
False
Let k(w) = 37*w + 1. Suppose 3*m - 2*m - 43 = 0. Suppose 5 + m = 4*n. Is k(n) prime?
False
Let p = -68 - -82. Suppose 5*o - 109819 = v, 87868 = 4*o + p*v - 18*v. Is o a composite number?
True
Let v = -166 + 278. Suppose v*d - 23811 = 109*d. Is d a composite number?
False
Let l be ((-32)/(-12))/8*0 - 5. Let f(x) = 79*x**2 + 10*x + 9. Is f(l) composite?
True
Let m be 7/(-35) - 8532/(-10). Let c be ((-2 - -1)/(-1))/(1/m). Suppose -c = -d + 2*h, -2*d + 1706 = -2*h - h. Is d composite?
False
Let v(t) = -6*t**2 + 12*t + 3. Let y be v(2). Suppose 2*n = -n + j + 10207, y*n + 3*j = 10215. Is n prime?
False
Suppose j = 6*j + 65. Let q(y) = 240*y**3 - 4*y**2 - 9*y + 7. Let h(b) = -120*b**3 + 2*b**2 + 4*b - 3. Let w(v) = j*h(v) - 6*q(v). Is w(2) a prime number?
True
Let r(u) = -u**2 + 2*u + 19. Let q be r(-3). Suppose -3*l - q*c = -2186, c - 638 - 826 = -2*l. Is l a composite number?
True
Is (3 - (-1 + (-2449256)/(-12)))/((-182)/273) a prime number?
False
Let h = 710 - 1513. Let y = -1897 - h. Let m = -685 - y. Is m composite?
False
Let x(p) = -115*p**2 - 4. Let b(a) = a + 1. Let g(z) = -2*b(z) - x(z). Let m = 48 + -45. Is g(m) composite?
False
Is ((-958)/(-4))/(62/7316) composite?
True
Let a(p) = 5093*p**2 - 210*p + 4615. Is a(24) composite?
False
Is 4128162/(-4)*(172/(-6) - -28) a composite number?
False
Let k(v) = 483*v**3 + 4*v**2 + v + 18. Let l be k(4). Let i = l + -17581. Is i prime?
True
Let w = -77611 - -174546. Is w a composite number?
True
Suppose -80*w + 73*w + 966679 = 0. Is w a composite number?
True
Let x(a) = -2*a**2 - 4*a + 56. Let u be x(-9). Is (u/15)/(3/(-9)*2) composite?
False
Let t = -61 - -103. Let j = -42 + t. Suppose 5*w - 667 = -5*q + 773, -2*q + 5*w + 611 = j. Is q a prime number?
True
Let s = -220148 - -374695. Is s prime?
False
Let o be 3*4/((-8)/(-2)). Suppose r - 5 = 0, 5*w - 20 = o*w - 4*r. Is 2118 + 4 + w/(-5) prime?
False
Suppose -16 = -8*a + 4*a. Suppose a - 12 = 4*p, 2*p = -q - 3. Let k(z) = 333*z**3 - z**2 - z. Is k(q) composite?
False
Suppose 0 = -1447*u + 1445*u + 78. Suppose -138120 = -r - u*r. Is r prime?
False
Let i = -29390 + 254533. Is i a prime number?
True
Suppose -30*r = -39*r + 1161. Is r a composite number?
True
Suppose 7*n - 2*n = 90. Let w(u) = u**2 - 19*u + 22. Let p be w(n). Is 1790/12 + (92/24 - p) a prime number?
True
Suppose 1577402 = 2*b - 18*h, -3*h - 1167142 - 1987794 = -4*b. Is b a composite number?
True
Is 1109331/15 - (-3)/5 - (-10)/10 composite?
True
Let b = -9168 - -16142. Suppose -16*v + b = 6*v. Is v a prime number?
True
Let z(v) = 11099*v**3 - v**2 + 154*v - 307. Is z(2) composite?
False
Suppose 3*f + 2*p = -2*p + 195481, -3*p - 325850 = -5*f. Is f composite?
False
Let c be (-7 - -7)/(3/(0 + -3)). Is (-393630)/20*(6/(-9) + c) prime?
True
Let a(p) = -p + 3*p + 14 + 18 - p. Let i be 4*-1 - (-153)/17. Is a(i) prime?
True
Let w be (13 + -7)*(-157)/(-2). Suppose -8*q + 12*q - 1896 = 2*s, s = -q + w. Is q prime?
False
Let g(w) = 2 + 5 + 49 + 24*w - w**2. Suppose 2*j = -0*j + 46. Is g(j) a composite number?
False
Let i = -183 - -177. Is i/(-4) - (-304005)/78 a composite number?
True
Let w = -14837 - -46477. Suppose 3*q = -5*q + w. Suppose 0 = -0*p + 7*p - q. Is p prime?
False
Let s be -1*4/(-4)*-9. Let b be ((-1971)/s)/(1 - 2). Let d = b - -330. Is d a composite number?
True
Let m(v) = 974*v - 503. Is m(15) prime?
True
Let b = -13886 - -27761. Let f = 21728 - b. Is f composite?
False
Let p = 286717 - 138438. Is p a prime number?
True
Let s = -12701 - -18324. Is s a composite number?
False
Let i = 301516 + -191333. Is i prime?
True
Suppose 6*s - 110462 = -20828. Is s a prime number?
True
Let t(v) be the first derivative of -3*v**4/2 + 7*v**3/3 + 9*v**2/2 + 9*v - 42. Let s(r) = r + 6. Let n be s(-11). Is t(n) composite?
True
Suppose -1164494 - 423457 = 27*v. Let d = -27022 - v. Is d composite?
True
Suppose -490655 - 1477801 = -24*u - 0*u. Is u a composite number?
True
Let c = -1761 + 124360. Is c a prime number?
True
Let k = 41 + -17. Is (28/(-42))/((k/2259)/(-4)) prime?
True
Let q = 247068 + -144775. Is q composite?
False
Let n(f) = -f**3 - 17*f**2 - 2*f - 40. Let z be n(-17). Let p be 8/(96/z) + (-42)/(-4). Suppose -12*u = -p*u - 5678. Is u prime?
False
Is (830930/75 - (-39)/65)/(2/6) prime?
False
Is (4/(-8))/((1/(-397623))/(24/36)) prime?
True
Suppose 501435 + 105994 = 37*f. Is f composite?
False
Suppose -20369593 - 21550232 = -75*k. Is k composite?
False
Let p = -6 + 8. Suppose z = p*z + b + 1285, -4*z = -4*b + 5124. Let s = 2424 + z. Is s a prime number?
False
Suppose 3*w - 4*g = 2825, -4*w = -8*w + 4*g + 3764. Suppose -437*c = -436*c - w. Is c prime?
False
Suppose -6*y + 11*y + 60 = 5*r, 4*r + y - 33 = 0. Is r/(-18) + 2/(4/2963) composite?
False
Let v = 9 + -5. Suppose -t - v*r + 6 = 0, r = -4*t - 2*r + 89. Is (-38)/(-3 + 74/t) prime?
False
Let k = -35408 + 62389. Is k a prime number?
True
Let j(t) = 366*t**2 - 37*t + 272*t**2 - 209 - 47. Is j(-6) a composite number?
True
Let u = -100 + 103. Suppose -4*n + 2*n + 23 = u*s, -2*n + 4*s - 12 = 0. Suppose n*x + 4*m - 2123 = -155, 5*x - 2465 = -4*m. Is x composite?
True
Let a(q) = -q - 19. Let b = -32 - -21. Let o be a(b). Is o/(-14) + ((-1826)/(-14) - 4) a composite number?
False
Let u be 7265/(((-6)/(-3))/2). Let x = 27896 - u. Suppose -5851 = -5*r - f + x, 2*f = 5*r - 26491. Is r prime?
True
Suppose 585*q + 195067083 = 744*q. Is q a prime number?
False
Is (-184357107)/(-243) - -6*3*4/(-324) composite?
False
Let j(b) = 4063*b + 16. Let u be j(-5). Let t = u - -30841. Suppose -8*y + t = -2*y. Is y a prime number?
False
Suppose 13157 - 1997 = 5*h. Suppose 5*f - 2*y - 11075 = 0, f + 27*y - h = 24*y. Is f prime?
False
Let o = 12 - 7. Suppose 2*c + 4 + 2 = -3*j, -j = o*c + 2. Is ((-44)/(-6))/(j/(-6)) a composite number?
True
Let i(b) = 9*b**2 - 2*b + 12. Suppose 0 = 30*j - 33*j - 15. Let q be i(j). Let s = 948 - q. Is s composite?
False
Suppose 12 = 61*q - 59*q. Let p(b) = 43*b**2 - b + 1. Let n be p(q). Let x = n + -842. Is x composite?
False
Is (-2)/7 - 6/12*47450/(-7) a composite number?
False
Suppose 0 = -5*r - m + 14322, -4*r - 201 = -3*m - 11670. Suppose -2*h = -i + 573, -5*i 